{"id":7,"date":"2024-04-24T04:39:28","date_gmt":"2024-04-24T04:39:28","guid":{"rendered":"https:\/\/reclamaciones.pe.betcris.com\/?page_id=7"},"modified":"2024-04-24T21:51:12","modified_gmt":"2024-04-24T21:51:12","slug":"home","status":"publish","type":"page","link":"https:\/\/reclamaciones.pe.betcris.com\/","title":{"rendered":"Home"},"content":{"rendered":"\t\t<div data-elementor-type=\"wp-page\" data-elementor-id=\"7\" class=\"elementor elementor-7\">\n\t\t\t\t<div class=\"elementor-element elementor-element-6e06d7fc e-flex e-con-boxed e-con e-parent\" data-id=\"6e06d7fc\" data-element_type=\"container\">\n\t\t\t\t\t<div class=\"e-con-inner\">\n\t\t\t\t<div class=\"elementor-element elementor-element-dacda05 elementor-widget elementor-widget-shortcode\" data-id=\"dacda05\" data-element_type=\"widget\" data-widget_type=\"shortcode.default\">\n\t\t\t\t<div class=\"elementor-widget-container\">\n\t\t\t\t\t<div class=\"elementor-shortcode\"><div class=\"forminator-ui forminator-custom-form forminator-custom-form-29 forminator-design--default  \" data-forminator-render=\"0\" data-form=\"forminator-module-29\" data-uid=\"69f5d1ab1192f\"><br\/><\/div><form\n\t\t\t\tid=\"forminator-module-29\"\n\t\t\t\tclass=\"forminator-ui forminator-custom-form forminator-custom-form-29 forminator-design--default  \"\n\t\t\t\tmethod=\"post\"\n\t\t\t\tdata-forminator-render=\"0\"\n\t\t\t\tdata-form-id=\"29\"\n\t\t\t\t\n\t\t\t\tdata-design=\"default\"\n\t\t\t\t\n\t\t\t\t\n\t\t\t\t\n\t\t\t\tdata-grid=\"open\"\n\t\t\t\tenctype=\"multipart\/form-data\"\n\t\t\t\t\n\t\t\t\tstyle=\"display: none;\"\n\t\t\t\t\n\t\t\t\tdata-uid=\"69f5d1ab1192f\"\n\t\t\t><div role=\"alert\" aria-live=\"polite\" class=\"forminator-response-message forminator-error\" aria-hidden=\"true\"><\/div><div class=\"forminator-row\"><div id=\"date-1\" class=\"forminator-field-date forminator-col forminator-col-6  read-only-field forminator-field-inline\"><div class=\"forminator-field\"><label for=\"forminator-field-date-1-picker_69f5d1ab1192f\" id=\"forminator-field-date-1-picker_69f5d1ab1192f-label\" class=\"forminator-label\">Fecha <span class=\"forminator-required\">*<\/span><\/label><input autocomplete=\"off\" type=\"text\" size=\"1\" name=\"date-1\" value=\"02\/05\/2026\" placeholder=\"\" id=\"forminator-field-date-1-picker_69f5d1ab1192f\" class=\"forminator-input forminator-datepicker\" data-required=\"1\" data-format=\"dd\/mm\/yy\" data-restrict-type=\"\" data-restrict=\"\" data-start-year=\"2026\" data-end-year=\"2026\" data-past-dates=\"enable\" data-start-of-week=\"1\" data-start-date=\"2026-05-02\" data-end-date=\"2026-05-02\" data-start-field=\"\" data-end-field=\"\" data-start-offset=\"\" data-end-offset=\"\" data-disable-date=\"\" data-disable-range=\"\" \/><\/div><\/div><input type=\"hidden\" id=\"hidden-1_69f5d1ab1192f\" name=\"hidden-1\" value=\"\" \/><\/div><div class=\"forminator-row\"><div id=\"section-1\" class=\"forminator-field-section forminator-col forminator-col-12 \"><div class=\"forminator-field\"><h2 class=\"forminator-title\">Raz\u00f3n Social: TV GLOBAL ENTERPRISE LTD S.A.C. RUC: 20604357625<\/h2><h3 class=\"forminator-subtitle\">Domicilio: Calle Alcanfores 495 - Oficina 501 - Miraflores<\/h3><\/div><\/div><\/div><div class=\"forminator-row\"><div id=\"section-4\" class=\"forminator-field-section forminator-col forminator-col-12 \"><div class=\"forminator-field\"><h2 class=\"forminator-title\">1. Identificaci\u00f3n del consumidor reclamante<\/h2><\/div><\/div><\/div><div class=\"forminator-row\"><div id=\"name-1\" class=\"forminator-field-name forminator-col forminator-col-6 \"><div class=\"forminator-field\"><label for=\"forminator-field-name-1_69f5d1ab1192f\" id=\"forminator-field-name-1_69f5d1ab1192f-label\" class=\"forminator-label\">Nombre completo <span class=\"forminator-required\">*<\/span><\/label><input type=\"text\" name=\"name-1\" value=\"\" placeholder=\"\" id=\"forminator-field-name-1_69f5d1ab1192f\" class=\"forminator-input forminator-name--field\" aria-required=\"true\" \/><\/div><\/div><div id=\"text-5\" class=\"forminator-field-text forminator-col forminator-col-6 \"><div class=\"forminator-field\"><label for=\"forminator-field-text-5_69f5d1ab1192f\" id=\"forminator-field-text-5_69f5d1ab1192f-label\" class=\"forminator-label\">Domicilio <span class=\"forminator-required\">*<\/span><\/label><input type=\"text\" name=\"text-5\" value=\"\" placeholder=\"\" id=\"forminator-field-text-5_69f5d1ab1192f\" class=\"forminator-input forminator-name--field\" data-required=\"1\" \/><\/div><\/div><\/div><div class=\"forminator-row\"><div id=\"text-1\" class=\"forminator-field-text forminator-col forminator-col-6 \"><div class=\"forminator-field\"><label for=\"forminator-field-text-1_69f5d1ab1192f\" id=\"forminator-field-text-1_69f5d1ab1192f-label\" class=\"forminator-label\">DNI \/ CE <span class=\"forminator-required\">*<\/span><\/label><input type=\"text\" name=\"text-1\" value=\"\" placeholder=\"\" id=\"forminator-field-text-1_69f5d1ab1192f\" class=\"forminator-input forminator-name--field\" data-required=\"1\" \/><\/div><\/div><div id=\"phone-1\" class=\"forminator-field-phone forminator-col forminator-col-6 \"><div class=\"forminator-field\"><label for=\"forminator-field-phone-1_69f5d1ab1192f\" id=\"forminator-field-phone-1_69f5d1ab1192f-label\" class=\"forminator-label\">Tel\u00e9fono <span class=\"forminator-required\">*<\/span><\/label><input type=\"text\" name=\"phone-1\" value=\"\" placeholder=\"\" id=\"forminator-field-phone-1_69f5d1ab1192f\" class=\"forminator-input forminator-field--phone\" data-required=\"1\" aria-required=\"true\" autocomplete=\"off\" \/><\/div><\/div><\/div><div class=\"forminator-row\"><div id=\"email-1\" class=\"forminator-field-email forminator-col forminator-col-6 \"><div class=\"forminator-field\"><label for=\"forminator-field-email-1_69f5d1ab1192f\" id=\"forminator-field-email-1_69f5d1ab1192f-label\" class=\"forminator-label\">E-mail <span class=\"forminator-required\">*<\/span><\/label><input type=\"email\" name=\"email-1\" value=\"\" placeholder=\"\" id=\"forminator-field-email-1_69f5d1ab1192f\" class=\"forminator-input forminator-email--field\" data-required=\"1\" aria-required=\"true\" \/><\/div><\/div><div id=\"email-2\" class=\"forminator-field-email forminator-col forminator-col-6 \"><div class=\"forminator-field\"><label for=\"forminator-field-email-2_69f5d1ab1192f\" id=\"forminator-field-email-2_69f5d1ab1192f-label\" class=\"forminator-label\">Confirmar e-mail <span class=\"forminator-required\">*<\/span><\/label><input type=\"email\" name=\"email-2\" value=\"\" placeholder=\"\" id=\"forminator-field-email-2_69f5d1ab1192f\" class=\"forminator-input forminator-email--field\" data-required=\"1\" aria-required=\"true\" \/><\/div><\/div><\/div><div class=\"forminator-row\"><div id=\"section-2\" class=\"forminator-field-section forminator-col forminator-col-12 \"><div class=\"forminator-field\"><h2 class=\"forminator-title\">2. Identificaci\u00f3n del bien contratado<\/h2><\/div><\/div><\/div><div class=\"forminator-row\"><div id=\"radio-1\" class=\"forminator-field-radio forminator-col forminator-col-12 \"><div role=\"radiogroup\" class=\"forminator-field\" aria-labelledby=\"forminator-radiogroup-69f5d1ab1192f-label\" aria-describedby=\"forminator-radiogroup-69f5d1ab1192f-description\"><span id=\"forminator-radiogroup-69f5d1ab1192f-label\" class=\"forminator-label\">Tipo <span class=\"forminator-required\">*<\/span><\/span><label id=\"forminator-field-radio-1-label-1\" for=\"forminator-field-radio-1-1-69f5d1ab1192f\" class=\"forminator-radio forminator-radio-inline\" title=\"Producto\"><input type=\"radio\" name=\"radio-1\" value=\"one\" id=\"forminator-field-radio-1-1-69f5d1ab1192f\" aria-labelledby=\"forminator-field-radio-1-label-1\" data-calculation=\"0\" checked=\"checked\"  data-hidden-behavior=\"zero\" aria-describedby=\"forminator-field-radio-1-69f5d1ab1192f-description\"\/><span class=\"forminator-radio-bullet\" aria-hidden=\"true\"><\/span><span class=\"forminator-radio-label\">Producto<\/span><\/label><label id=\"forminator-field-radio-1-label-2\" for=\"forminator-field-radio-1-2-69f5d1ab1192f\" class=\"forminator-radio forminator-radio-inline\" title=\"Servicio\"><input type=\"radio\" name=\"radio-1\" value=\"two\" id=\"forminator-field-radio-1-2-69f5d1ab1192f\" aria-labelledby=\"forminator-field-radio-1-label-2\" data-calculation=\"0\"   data-hidden-behavior=\"zero\" aria-describedby=\"forminator-field-radio-1-69f5d1ab1192f-description\"\/><span class=\"forminator-radio-bullet\" aria-hidden=\"true\"><\/span><span class=\"forminator-radio-label\">Servicio<\/span><\/label><\/div><\/div><\/div><div class=\"forminator-row\"><div id=\"text-2\" class=\"forminator-field-text forminator-col forminator-col-12 \"><div class=\"forminator-field\"><label for=\"forminator-field-text-2_69f5d1ab1192f\" id=\"forminator-field-text-2_69f5d1ab1192f-label\" class=\"forminator-label\">Monto reclamado<\/label><input type=\"text\" name=\"text-2\" value=\"\" placeholder=\"\" id=\"forminator-field-text-2_69f5d1ab1192f\" class=\"forminator-input forminator-name--field\" data-required=\"\" \/><\/div><\/div><\/div><div class=\"forminator-row\"><div id=\"text-3\" class=\"forminator-field-text forminator-col forminator-col-12 \"><div class=\"forminator-field\"><label for=\"forminator-field-text-3_69f5d1ab1192f\" id=\"forminator-field-text-3_69f5d1ab1192f-label\" class=\"forminator-label\">Descripci\u00f3n<\/label><input type=\"text\" name=\"text-3\" value=\"\" placeholder=\"\" id=\"forminator-field-text-3_69f5d1ab1192f\" class=\"forminator-input forminator-name--field\" data-required=\"\" \/><\/div><\/div><\/div><div class=\"forminator-row\"><div id=\"section-3\" class=\"forminator-field-section forminator-col forminator-col-12 \"><div class=\"forminator-field\"><h2 class=\"forminator-title\">3. Detalle de la reclamaci\u00f3n<\/h2><\/div><\/div><\/div><div class=\"forminator-row\"><div id=\"radio-2\" class=\"forminator-field-radio forminator-col forminator-col-6 \"><div role=\"radiogroup\" class=\"forminator-field\" aria-labelledby=\"forminator-radiogroup-69f5d1ab1192f-label\" aria-describedby=\"forminator-radiogroup-69f5d1ab1192f-description\"><span id=\"forminator-radiogroup-69f5d1ab1192f-label\" class=\"forminator-label\">Tipo <span class=\"forminator-required\">*<\/span><\/span><label id=\"forminator-field-radio-2-label-1\" for=\"forminator-field-radio-2-1-69f5d1ab1192f\" class=\"forminator-radio forminator-radio-inline\" title=\"Reclamo\"><input type=\"radio\" name=\"radio-2\" value=\"one\" id=\"forminator-field-radio-2-1-69f5d1ab1192f\" aria-labelledby=\"forminator-field-radio-2-label-1\" data-calculation=\"0\" checked=\"checked\"  data-hidden-behavior=\"zero\" aria-describedby=\"forminator-field-radio-2-69f5d1ab1192f-description\"\/><span class=\"forminator-radio-bullet\" aria-hidden=\"true\"><\/span><span class=\"forminator-radio-label\">Reclamo<\/span><\/label><label id=\"forminator-field-radio-2-label-2\" for=\"forminator-field-radio-2-2-69f5d1ab1192f\" class=\"forminator-radio forminator-radio-inline\" title=\"Queja\"><input type=\"radio\" name=\"radio-2\" value=\"two\" id=\"forminator-field-radio-2-2-69f5d1ab1192f\" aria-labelledby=\"forminator-field-radio-2-label-2\" data-calculation=\"0\"   data-hidden-behavior=\"zero\" aria-describedby=\"forminator-field-radio-2-69f5d1ab1192f-description\"\/><span class=\"forminator-radio-bullet\" aria-hidden=\"true\"><\/span><span class=\"forminator-radio-label\">Queja<\/span><\/label><\/div><\/div><div id=\"radio-3\" class=\"forminator-field-radio forminator-col forminator-col-6 \"><div role=\"radiogroup\" class=\"forminator-field\" aria-labelledby=\"forminator-radiogroup-69f5d1ab1192f-label\" aria-describedby=\"forminator-radiogroup-69f5d1ab1192f-description\"><span id=\"forminator-radiogroup-69f5d1ab1192f-label\" class=\"forminator-label\">Lugar donde se realizaron los hechos <span class=\"forminator-required\">*<\/span><\/span><label id=\"forminator-field-radio-3-label-1\" for=\"forminator-field-radio-3-1-69f5d1ab1192f\" class=\"forminator-radio forminator-radio-inline\" title=\"Local de venta\"><input type=\"radio\" name=\"radio-3\" value=\"one\" id=\"forminator-field-radio-3-1-69f5d1ab1192f\" aria-labelledby=\"forminator-field-radio-3-label-1\" data-calculation=\"0\" checked=\"checked\"  data-hidden-behavior=\"zero\" aria-describedby=\"forminator-field-radio-3-69f5d1ab1192f-description\"\/><span class=\"forminator-radio-bullet\" aria-hidden=\"true\"><\/span><span class=\"forminator-radio-label\">Local de venta<\/span><\/label><label id=\"forminator-field-radio-3-label-2\" for=\"forminator-field-radio-3-2-69f5d1ab1192f\" class=\"forminator-radio forminator-radio-inline\" title=\"Web\"><input type=\"radio\" name=\"radio-3\" value=\"two\" id=\"forminator-field-radio-3-2-69f5d1ab1192f\" aria-labelledby=\"forminator-field-radio-3-label-2\" data-calculation=\"0\"   data-hidden-behavior=\"zero\" aria-describedby=\"forminator-field-radio-3-69f5d1ab1192f-description\"\/><span class=\"forminator-radio-bullet\" aria-hidden=\"true\"><\/span><span class=\"forminator-radio-label\">Web<\/span><\/label><label id=\"forminator-field-radio-3-label-3\" for=\"forminator-field-radio-3-3-69f5d1ab1192f\" class=\"forminator-radio forminator-radio-inline\" title=\"Televenta\"><input type=\"radio\" name=\"radio-3\" value=\"Televenta\" id=\"forminator-field-radio-3-3-69f5d1ab1192f\" aria-labelledby=\"forminator-field-radio-3-label-3\" data-calculation=\"0\"   data-hidden-behavior=\"zero\" aria-describedby=\"forminator-field-radio-3-69f5d1ab1192f-description\"\/><span class=\"forminator-radio-bullet\" aria-hidden=\"true\"><\/span><span class=\"forminator-radio-label\">Televenta<\/span><\/label><label id=\"forminator-field-radio-3-label-4\" for=\"forminator-field-radio-3-4-69f5d1ab1192f\" class=\"forminator-radio forminator-radio-inline\" title=\"App\"><input type=\"radio\" name=\"radio-3\" value=\"App\" id=\"forminator-field-radio-3-4-69f5d1ab1192f\" aria-labelledby=\"forminator-field-radio-3-label-4\" data-calculation=\"0\"   data-hidden-behavior=\"zero\" aria-describedby=\"forminator-field-radio-3-69f5d1ab1192f-description\"\/><span class=\"forminator-radio-bullet\" aria-hidden=\"true\"><\/span><span class=\"forminator-radio-label\">App<\/span><\/label><\/div><\/div><\/div><div class=\"forminator-row\"><div id=\"text-6\" class=\"forminator-field-text forminator-col forminator-col-12 \"><div class=\"forminator-field\"><label for=\"forminator-field-text-6_69f5d1ab1192f\" id=\"forminator-field-text-6_69f5d1ab1192f-label\" class=\"forminator-label\">Direcci\u00f3n del local<\/label><input type=\"text\" name=\"text-6\" value=\"\" placeholder=\"\" id=\"forminator-field-text-6_69f5d1ab1192f\" class=\"forminator-input forminator-name--field\" data-required=\"\" \/><\/div><\/div><\/div><div class=\"forminator-row\"><div id=\"text-4\" class=\"forminator-field-text forminator-col forminator-col-12 \"><div class=\"forminator-field\"><label for=\"forminator-field-text-4_69f5d1ab1192f\" id=\"forminator-field-text-4_69f5d1ab1192f-label\" class=\"forminator-label\">Referencia<\/label><input type=\"text\" name=\"text-4\" value=\"\" placeholder=\"ID cliente, No. ticket, otro\" id=\"forminator-field-text-4_69f5d1ab1192f\" class=\"forminator-input forminator-name--field\" data-required=\"\" \/><\/div><\/div><\/div><div class=\"forminator-row\"><div id=\"textarea-1\" class=\"forminator-field-textarea forminator-col forminator-col-6 \"><div class=\"forminator-field\"><label for=\"forminator-field-textarea-1_69f5d1ab1192f\" id=\"forminator-field-textarea-1_69f5d1ab1192f-label\" class=\"forminator-label\">Pedido <span class=\"forminator-required\">*<\/span><\/label><textarea name=\"textarea-1\" placeholder=\"\" id=\"forminator-field-textarea-1_69f5d1ab1192f\" class=\"forminator-textarea\" rows=\"6\" style=\"min-height:140px;\" ><\/textarea><\/div><\/div><div id=\"textarea-2\" class=\"forminator-field-textarea forminator-col forminator-col-6 \"><div class=\"forminator-field\"><label for=\"forminator-field-textarea-2_69f5d1ab1192f\" id=\"forminator-field-textarea-2_69f5d1ab1192f-label\" class=\"forminator-label\">Detalle <span class=\"forminator-required\">*<\/span><\/label><textarea name=\"textarea-2\" placeholder=\"\" id=\"forminator-field-textarea-2_69f5d1ab1192f\" class=\"forminator-textarea\" rows=\"6\" style=\"min-height:140px;\" ><\/textarea><\/div><\/div><\/div><div class=\"forminator-row\"><div id=\"upload-1\" class=\"forminator-field-upload forminator-col forminator-col-12 \"><div class=\"forminator-field\"><label for=\"forminator-field-upload-1_69f5d1ab1192f\" id=\"forminator-field-upload-1_69f5d1ab1192f-label\" class=\"forminator-label\">Adjuntar archivos de sustento \/ evidencia<\/label><div class=\"forminator-file-upload \" data-element=\"upload-1_69f5d1ab1192f\" aria-describedby=\"forminator-field-upload-1_69f5d1ab1192f-description\"><input type=\"file\" name=\"upload-1\" id=\"forminator-field-upload-1_69f5d1ab1192f\" class=\"forminator-input-file\" accept=\".jpg,.jpeg,.jpe,.png,.webp,.css,.htm,.html,.dfxp,.js,.pdf,.doc,.docx,.svg,.svgz,.txt,.asc,.c,.cc,.h,.srt\"><button id=\"forminator-field-upload-1_69f5d1ab1192f_button\" class=\"forminator-button forminator-button-upload\" data-id=\"forminator-field-upload-1_69f5d1ab1192f\">Elegir archivo<\/button><span data-empty-text=\"Ning\u00fan archivo seleccionado\">Ning\u00fan archivo seleccionado<\/span><button class=\"forminator-button-delete\" style=\"display: none;\"><i class=\"forminator-icon-close\" aria-hidden=\"true\"><\/i><span class=\"forminator-screen-reader-only\">Eliminar el archivo subido<\/span><\/button><\/div><\/div><\/div><\/div><div class=\"forminator-row\"><div id=\"html-1\" class=\"forminator-field-html forminator-col forminator-col-12 \"><div class=\"forminator-field forminator-merge-tags\" data-field=\"html-1\"><label class=\"forminator-label\">Pol\u00edtica de privacidad<\/label><p>Al enviar su reclamo usted confirma haber revisado detenidamente nuestra pol\u00edtica de privacidad<\/p>\n<hr>\n<ol>\n<li><strong>Reclamo:<\/strong> Disconformidad relacionada a los productos o servicios.<\/li>\n<li><strong>Queja:<\/strong> Disconformidad NO relacionada a los productos o servicios; malestar o descontento respecto a la atenci\u00f3n al p\u00fablico.<\/li>\n<li><strong>Email:<\/strong> Al brindar mi correo electr\u00f3nico autorizo recibir la respuesta a trav\u00e9s de este medio.<\/li>\n<\/ol>\n<ul>\n<li>La formulaci\u00f3n del reclamo no impide acudir a otras v\u00edas de soluci\u00f3n de controversias ni es requisito previo para<br>interponer una denuncia ante el INDECOPI.<\/li>\n<li>El proveedor debe dar respuesta al reclamo o queja en un plazo no mayor a quince (15) d\u00edas h\u00e1biles, el cual es improrrogable.<\/li>\n<\/ul><\/div><\/div><\/div><input type=\"hidden\" name=\"referer_url\" value=\"\" \/><div class=\"forminator-row forminator-row-last\"><div class=\"forminator-col\"><div class=\"forminator-field\"><button class=\"forminator-button forminator-button-submit\">Enviar mensaje<\/button><\/div><\/div><\/div><input type=\"hidden\" id=\"forminator_nonce\" name=\"forminator_nonce\" value=\"d7315531b2\" \/><input type=\"hidden\" name=\"_wp_http_referer\" value=\"\/index.php?rest_route=%2Fwp%2Fv2%2Fpages%2F7\" \/><input type=\"hidden\" name=\"form_id\" value=\"29\"><input type=\"hidden\" name=\"page_id\" value=\"7\"><input type=\"hidden\" name=\"form_type\" value=\"default\"><input type=\"hidden\" name=\"current_url\" value=\"https:\/\/reclamaciones.pe.betcris.com\/\"><input type=\"hidden\" name=\"render_id\" value=\"0\"><input type=\"hidden\" name=\"action\" value=\"forminator_submit_form_custom-forms\"><label for=\"input_19\" class=\"forminator-hidden\" aria-hidden=\"true\">Por favor, no rellenes este campo. <input id=\"input_19\" type=\"text\" name=\"input_19\" value=\"\" autocomplete=\"off\"><\/label><\/form><\/div>\n\t\t\t\t<\/div>\n\t\t\t\t<\/div>\n\t\t\t\t\t<\/div>\n\t\t\t\t<\/div>\n\t\t\t\t<\/div>\n\t\t","protected":false},"excerpt":{"rendered":"","protected":false},"author":2,"featured_media":0,"parent":0,"menu_order":0,"comment_status":"closed","ping_status":"closed","template":"elementor_canvas","meta":{"footnotes":""},"class_list":["post-7","page","type-page","status-publish","hentry"],"_links":{"self":[{"href":"https:\/\/reclamaciones.pe.betcris.com\/index.php?rest_route=\/wp\/v2\/pages\/7","targetHints":{"allow":["GET"]}}],"collection":[{"href":"https:\/\/reclamaciones.pe.betcris.com\/index.php?rest_route=\/wp\/v2\/pages"}],"about":[{"href":"https:\/\/reclamaciones.pe.betcris.com\/index.php?rest_route=\/wp\/v2\/types\/page"}],"author":[{"embeddable":true,"href":"https:\/\/reclamaciones.pe.betcris.com\/index.php?rest_route=\/wp\/v2\/users\/2"}],"replies":[{"embeddable":true,"href":"https:\/\/reclamaciones.pe.betcris.com\/index.php?rest_route=%2Fwp%2Fv2%2Fcomments&post=7"}],"version-history":[{"count":13,"href":"https:\/\/reclamaciones.pe.betcris.com\/index.php?rest_route=\/wp\/v2\/pages\/7\/revisions"}],"predecessor-version":[{"id":35,"href":"https:\/\/reclamaciones.pe.betcris.com\/index.php?rest_route=\/wp\/v2\/pages\/7\/revisions\/35"}],"wp:attachment":[{"href":"https:\/\/reclamaciones.pe.betcris.com\/index.php?rest_route=%2Fwp%2Fv2%2Fmedia&parent=7"}],"curies":[{"name":"wp","href":"https:\/\/api.w.org\/{rel}","templated":true}]}}